{"id":2085,"date":"2023-05-04T15:12:14","date_gmt":"2023-05-04T12:12:14","guid":{"rendered":"https:\/\/turas.com.tr\/?page_id=2085"},"modified":"2023-07-20T14:03:51","modified_gmt":"2023-07-20T11:03:51","slug":"hakkimizda","status":"publish","type":"page","link":"https:\/\/turas.com.tr\/?page_id=2085","title":{"rendered":"Hakk\u0131m\u0131zda"},"content":{"rendered":"<section class=\"wpb-content-wrapper\"><p>[vc_row][vc_column][vc_column_text]<img loading=\"lazy\" decoding=\"async\" class=\"alignnone size-full wp-image-2723\" src=\"https:\/\/turas.com.tr\/wp-content\/uploads\/2023\/07\/hak.png\" alt=\"\" width=\"696\" height=\"249\" srcset=\"https:\/\/turas.com.tr\/wp-content\/uploads\/2023\/07\/hak.png 696w, https:\/\/turas.com.tr\/wp-content\/uploads\/2023\/07\/hak-300x107.png 300w\" sizes=\"auto, (max-width: 696px) 100vw, 696px\" \/>[\/vc_column_text][\/vc_column][\/vc_row][vc_row][vc_column][vc_column_text]<\/p>\n<p style=\"font-weight: 400;\"><span style=\"color: #ff9900;\"><b><strong>TURA\u015e Turizm Ticaret A.\u015e.<\/strong><\/b><\/span> K\u00fclt\u00fcr ve Turizm Bakanl\u0131\u011f\u0131, D\u00f6ner Sermaye \u0130\u015fletmeleri i\u015ftirakidir. 1992 y\u0131l\u0131nda kurulan TURA\u015e Turizm Ticaret A.\u015e.&#8217;nin ba\u015fl\u0131ca ama\u00e7lar\u0131 \u015funlard\u0131r<\/p>\n<ol>\n<li style=\"font-weight: 400;\"><b><\/b>\u00c7evre kirlili\u011fi ve \u00e7evre sorunlar\u0131n\u0131n \u00f6nlenmesi ile sa\u011fl\u0131\u011fa y\u00f6nelik her t\u00fcrl\u00fc \u00fcretim ve ticari faaliyette bulunmak.<\/li>\n<li style=\"font-weight: 400;\"><b><\/b>Turizm konusunda her t\u00fcrl\u00fc ara\u015ft\u0131rma, planlama, yat\u0131r\u0131m, i\u015fletmecilik, e\u011fitim ve denetim faaliyetlerinde bulunmak, turizm konusunda her t\u00fcrl\u00fc yat\u0131r\u0131ma giri\u015fmek, otel, motel, tatil k\u00f6y\u00fc, pansiyon ve benzeri e\u011flenme ve dinlenme yerleri a\u00e7mak, i\u015fletmek, kiralamak, kiraya vermek, dinlenme tesisler, huzurevleri, her t\u00fcrl\u00fc sa\u011fl\u0131k yat\u0131r\u0131mlar\u0131, lokaller, yeme i\u00e7me tesisleri, kantinler a\u00e7mak ve i\u015fletmek.<\/li>\n<li style=\"font-weight: 400;\"><b><\/b>Yurti\u00e7i ve yurtd\u0131\u015f\u0131nda her t\u00fcrl\u00fc reklamc\u0131l\u0131k, ilanc\u0131l\u0131k, yay\u0131nc\u0131l\u0131k ve matbaac\u0131l\u0131k ve \u00a0turizm pazarlamas\u0131na y\u00f6nelik her t\u00fcrl\u00fc faaliyette bulunmak, fuarlar, konferanslar, sergi ve panay\u0131rlar, festival ve benzeri turizm ve sanat etkinlikleri tertiplemek, organizasyonlara giri\u015fmek.<\/li>\n<li style=\"font-weight: 400;\"><b><\/b>Her t\u00fcrl\u00fc bas\u0131l\u0131 matbuat, plaket, kokart, diploma, sertifika, film, dia, slayt, video kaset, ses kaseti ve benzeri malzemelerin \u00fcretim al\u0131m, sat\u0131m\u0131n\u0131, da\u011f\u0131t\u0131m ve pazarlamas\u0131n\u0131 yapmak.<\/li>\n<li style=\"font-weight: 400;\"><b><\/b>Her t\u00fcrl\u00fc g\u0131da, tekstil dayan\u0131kl\u0131 t\u00fcketim mallar\u0131 ve di\u011fer t\u00fcketime y\u00f6nelik mallar\u0131n ve maddelerin al\u0131m\u0131n\u0131 sat\u0131m\u0131n\u0131 i\u00e7 ve d\u0131\u015f ticaretini yapmak. Konusu ile ilgili her t\u00fcrl\u00fc taahh\u00fctte bulunmak. Bu konularda ortak i\u015flere giri\u015fmek, ortak olmak.<\/li>\n<li style=\"font-weight: 400;\"><b><\/b>Her t\u00fcrl\u00fc sanayi \u00fcr\u00fcn\u00fcn\u00fcn, bunlar\u0131n yedek par\u00e7alar\u0131n\u0131n ve teferruat\u0131n\u0131n al\u0131m\u0131n\u0131, sat\u0131m\u0131n\u0131 i\u00e7 ve d\u0131\u015f ticaretini yapmak, bu konularda \u00e7al\u0131\u015fan ba\u015fka firmalar ile ortak i\u015flere giri\u015fmek, ortak olmak.<\/li>\n<\/ol>\n<p>[\/vc_column_text][\/vc_column][\/vc_row][vc_row][vc_column][vc_progress_bar values=&#8221;%5B%7B%22label%22%3A%22Turizm%20Dayan%C4%B1%C5%9Fma%20Vakf%C4%B1%22%2C%22value%22%3A%2251%22%2C%22color%22%3A%22blue%22%7D%2C%7B%22label%22%3A%22D%C3%96SIMM%22%2C%22value%22%3A%2248%22%2C%22color%22%3A%22bar_red%22%7D%2C%7B%22label%22%3A%22Di%C4%9Fer%20Ortaklar%20%22%2C%22value%22%3A%221%22%2C%22color%22%3A%22orange%22%7D%5D&#8221; options=&#8221;striped,animated&#8221; units=&#8221;% &#8220;][\/vc_column][\/vc_row]<\/p>\n<\/section>","protected":false},"excerpt":{"rendered":"<p>[vc_row][vc_column][vc_column_text][\/vc_column_text][\/vc_column][\/vc_row][vc_row][vc_column][vc_column_text] TURA\u015e Turizm Ticaret A.\u015e. K\u00fclt\u00fcr ve Turizm Bakanl\u0131\u011f\u0131, D\u00f6ner Sermaye \u0130\u015fletmeleri i\u015ftirakidir. 1992 y\u0131l\u0131nda kurulan TURA\u015e Turizm Ticaret A.\u015e.&#8217;nin ba\u015fl\u0131ca ama\u00e7lar\u0131 \u015funlard\u0131r \u00c7evre kirlili\u011fi ve \u00e7evre sorunlar\u0131n\u0131n \u00f6nlenmesi ile sa\u011fl\u0131\u011fa y\u00f6nelik her t\u00fcrl\u00fc \u00fcretim ve ticari faaliyette bulunmak. Turizm konusunda her t\u00fcrl\u00fc ara\u015ft\u0131rma, planlama, yat\u0131r\u0131m, i\u015fletmecilik, e\u011fitim ve denetim faaliyetlerinde bulunmak, turizm konusunda her [&hellip;]<\/p>\n","protected":false},"author":1,"featured_media":0,"parent":0,"menu_order":0,"comment_status":"closed","ping_status":"closed","template":"","meta":{"footnotes":""},"class_list":["post-2085","page","type-page","status-publish","hentry"],"_links":{"self":[{"href":"https:\/\/turas.com.tr\/index.php?rest_route=\/wp\/v2\/pages\/2085","targetHints":{"allow":["GET"]}}],"collection":[{"href":"https:\/\/turas.com.tr\/index.php?rest_route=\/wp\/v2\/pages"}],"about":[{"href":"https:\/\/turas.com.tr\/index.php?rest_route=\/wp\/v2\/types\/page"}],"author":[{"embeddable":true,"href":"https:\/\/turas.com.tr\/index.php?rest_route=\/wp\/v2\/users\/1"}],"replies":[{"embeddable":true,"href":"https:\/\/turas.com.tr\/index.php?rest_route=%2Fwp%2Fv2%2Fcomments&post=2085"}],"version-history":[{"count":12,"href":"https:\/\/turas.com.tr\/index.php?rest_route=\/wp\/v2\/pages\/2085\/revisions"}],"predecessor-version":[{"id":2798,"href":"https:\/\/turas.com.tr\/index.php?rest_route=\/wp\/v2\/pages\/2085\/revisions\/2798"}],"wp:attachment":[{"href":"https:\/\/turas.com.tr\/index.php?rest_route=%2Fwp%2Fv2%2Fmedia&parent=2085"}],"curies":[{"name":"wp","href":"https:\/\/api.w.org\/{rel}","templated":true}]}}