{"id":2172,"date":"2023-07-06T16:08:38","date_gmt":"2023-07-06T13:08:38","guid":{"rendered":"https:\/\/turas.com.tr\/?page_id=2172"},"modified":"2023-07-10T14:41:48","modified_gmt":"2023-07-10T11:41:48","slug":"turker-bolgesi","status":"publish","type":"page","link":"https:\/\/turas.com.tr\/?page_id=2172","title":{"rendered":"T\u00fcrker B\u00f6lgesi"},"content":{"rendered":"<section class=\"wpb-content-wrapper\"><p>&nbsp;<\/p>\n<p>[vc_row][vc_column][vc_column_text]<\/p>\n<h4><span style=\"color: #3366ff;\">T\u00fcrkler\u00a0 B\u00f6lgesi ATIKSU Fiyatlar\u0131<\/span><\/h4>\n<p>Antalya ili, Alanya\u00a0il\u00e7esi,\u00a0<b>T\u00fcrkler\u00a0<\/b>mahallesinde bulunan abonelerin y\u0131ll\u0131k fiyat art\u0131\u015flar\u0131 s\u00f6zle\u015fmelerinde ;\u00a0<b>T<\/b><b>\u00dcFE<\/b>\u00a0(bir \u00f6nceki y\u0131l\u0131n ayn\u0131 ay\u0131na g\u00f6re) oran\u0131nda art\u0131r\u0131l\u0131r denilmektedir.<\/p>\n<p>Ek&#8217;te yer alan T\u00fcrkiye \u0130statistik Kurumunun\u00a0<b>Aral\u0131k 2021<\/b>\u00a0tarihli\u00a0<b>T\u00dcFE<\/b>\u00a0oran\u0131\u00a0<b>%36,08\u00a0<\/b>olarak\u00a0art\u0131\u015f\u0131 ger\u00e7ekle\u015fti.<\/p>\n<p><b>2022\u00a0<\/b>y\u0131l\u0131<b>\u00a0Ocak &#8211; Aral\u0131k<\/b>\u00a0aylar\u0131 at\u0131ksu fiyat tarifeleri a\u015fa\u011f\u0131daki gibidir.<\/p>\n<p><b>*** 12.08.2022 tarihinde b\u00f6lge otel y\u00f6neticileri, sahipleri ve Alanya Turistik \u0130\u015fletmeciler Derne\u011fi y\u00f6neticilerinin\u00a0kat\u0131l\u0131m\u0131 ile yap\u0131lan toplant\u0131da birim \u00fccretlere %80 oran\u0131nda zam yap\u0131lmas\u0131na karar verilmi\u015ftir. Fiyat listesi a\u015fa\u011f\u0131daki tabloda g\u00fcncellenmi\u015ftir.<\/b><\/p>\n<p>&nbsp;<\/p>\n<hr id=\"horizontalrule\" \/>\n<table class=\"wojo table\">\n<tbody>\n<tr>\n<td><span style=\"color: #3366ff;\"><b>T\u00fcrkler\u00a0B\u00f6lgesi\u00a0\u0130\u015fletme T\u00fcr\u00fc<\/b><\/span><\/td>\n<td><span style=\"color: #3366ff;\"><b>Birim Fiyat 2022<\/b><\/span><\/td>\n<td><span style=\"color: #3366ff;\"><b>Art\u0131\u015f Oran\u0131\u00a0<\/b><\/span><\/td>\n<td><span style=\"color: #3366ff;\"><b>Birim Fiyat 2022 (Yeni)<\/b><\/span><\/td>\n<td><span style=\"color: #3366ff;\"><b>KDV Oran\u0131<\/b><\/span><\/td>\n<\/tr>\n<tr>\n<td>T\u00fcrkler 5 Y\u0131ld\u0131zl\u0131 Oteller ve 1.S\u0131n\u0131f Tatil K\u00f6yleri At\u0131ksu Bedeli<\/td>\n<td>47,53\u00a0 \u00a0\u00a0<i class=\"lira icon\"><\/i><\/td>\n<td>80 %<\/td>\n<td><b>62,87<\/b>\u00a0<i class=\"lira icon\"><\/i><\/td>\n<td>%18<\/td>\n<\/tr>\n<tr>\n<td>T\u00fcrkler 4 Y\u0131ld\u0131zl\u0131 Oteller At\u0131ksu Bedeli<\/td>\n<td>43,57\u00a0 \u00a0\u00a0<i class=\"lira icon\"><\/i><\/td>\n<td>80 %<\/td>\n<td><b>57,64<\/b>\u00a0<i class=\"lira icon\"><\/i><\/td>\n<td>%18<\/td>\n<\/tr>\n<tr>\n<td>T\u00fcrkler 3 Y\u0131ld\u0131zl\u0131 Oteller At\u0131ksu Bedeli<\/td>\n<td>35,64\u00a0 \u00a0\u00a0<i class=\"lira icon\"><\/i><\/td>\n<td>80 %<\/td>\n<td><b>47,14<\/b>\u00a0<i class=\"lira icon\"><\/i><\/td>\n<td>%18<\/td>\n<\/tr>\n<tr>\n<td>T\u00fcrkler 2 Y\u0131ld\u0131zl\u0131 Oteller At\u0131ksu Bedeli<\/td>\n<td>27,73\u00a0 \u00a0\u00a0<i class=\"lira icon\"><\/i><\/td>\n<td>80 %<\/td>\n<td><b>36,68<\/b>\u00a0<i class=\"lira icon\"><\/i><\/td>\n<td>%18<\/td>\n<\/tr>\n<tr>\n<td>T\u00fcrkler 1 Y\u0131ld\u0131zl\u0131 Oteller At\u0131ksu Bedeli<\/td>\n<td>27,73\u00a0 \u00a0\u00a0<i class=\"lira icon\"><\/i><\/td>\n<td>80 %<\/td>\n<td><b>36,68\u00a0<\/b><i class=\"lira icon\"><\/i><\/td>\n<td>%18<\/td>\n<\/tr>\n<tr>\n<td>T\u00fcrkler Apart Oteller At\u0131ksu Bedeli<\/td>\n<td>35,64\u00a0 \u00a0\u00a0<i class=\"lira icon\"><\/i><\/td>\n<td>80 %<\/td>\n<td><b>47,14<\/b>\u00a0<i class=\"lira icon\"><\/i><\/td>\n<td>%18<\/td>\n<\/tr>\n<tr>\n<td>T\u00fcrkler Lojmanlar At\u0131ksu Bedeli<\/td>\n<td>35,64\u00a0 \u00a0\u00a0<i class=\"lira icon\"><\/i><\/td>\n<td>80 %<\/td>\n<td><b>47,14<\/b>\u00a0<i class=\"lira icon\"><\/i><\/td>\n<td>%18<\/td>\n<\/tr>\n<tr>\n<td>T\u00fcrkler Su park\u0131, E\u011flence Yerleri \u00a0At\u0131ksu Bedeli<\/td>\n<td>\u00a022,19\u00a0 \u00a0\u00a0<i class=\"lira icon\"><\/i><\/td>\n<td>80 %<\/td>\n<td><b>\u00a029,36<\/b>\u00a0<i class=\"lira icon\"><\/i><\/td>\n<td>%18<\/td>\n<\/tr>\n<tr>\n<td>T\u00fcrkler Pis Su Bo\u015faltma Bedeli<\/td>\n<td>\u00a0 13,28\u00a0 \u00a0\u00a0<i class=\"lira icon\"><\/i><\/td>\n<td>80 %<\/td>\n<td><b>17,57\u00a0<\/b><i class=\"lira icon\"><\/i><\/td>\n<td>%18<\/td>\n<\/tr>\n<\/tbody>\n<\/table>\n<p>[\/vc_column_text][\/vc_column][\/vc_row]<\/p>\n<\/section>","protected":false},"excerpt":{"rendered":"<p>&nbsp; [vc_row][vc_column][vc_column_text] T\u00fcrkler\u00a0 B\u00f6lgesi ATIKSU Fiyatlar\u0131 Antalya ili, Alanya\u00a0il\u00e7esi,\u00a0T\u00fcrkler\u00a0mahallesinde bulunan abonelerin y\u0131ll\u0131k fiyat art\u0131\u015flar\u0131 s\u00f6zle\u015fmelerinde ;\u00a0T\u00dcFE\u00a0(bir \u00f6nceki y\u0131l\u0131n ayn\u0131 ay\u0131na g\u00f6re) oran\u0131nda art\u0131r\u0131l\u0131r denilmektedir. Ek&#8217;te yer alan T\u00fcrkiye \u0130statistik Kurumunun\u00a0Aral\u0131k 2021\u00a0tarihli\u00a0T\u00dcFE\u00a0oran\u0131\u00a0%36,08\u00a0olarak\u00a0art\u0131\u015f\u0131 ger\u00e7ekle\u015fti. 2022\u00a0y\u0131l\u0131\u00a0Ocak &#8211; Aral\u0131k\u00a0aylar\u0131 at\u0131ksu fiyat tarifeleri a\u015fa\u011f\u0131daki gibidir. *** 12.08.2022 tarihinde b\u00f6lge otel y\u00f6neticileri, sahipleri ve Alanya Turistik \u0130\u015fletmeciler Derne\u011fi y\u00f6neticilerinin\u00a0kat\u0131l\u0131m\u0131 ile yap\u0131lan [&hellip;]<\/p>\n","protected":false},"author":1,"featured_media":0,"parent":0,"menu_order":0,"comment_status":"closed","ping_status":"closed","template":"","meta":{"footnotes":""},"class_list":["post-2172","page","type-page","status-publish","hentry"],"_links":{"self":[{"href":"https:\/\/turas.com.tr\/index.php?rest_route=\/wp\/v2\/pages\/2172","targetHints":{"allow":["GET"]}}],"collection":[{"href":"https:\/\/turas.com.tr\/index.php?rest_route=\/wp\/v2\/pages"}],"about":[{"href":"https:\/\/turas.com.tr\/index.php?rest_route=\/wp\/v2\/types\/page"}],"author":[{"embeddable":true,"href":"https:\/\/turas.com.tr\/index.php?rest_route=\/wp\/v2\/users\/1"}],"replies":[{"embeddable":true,"href":"https:\/\/turas.com.tr\/index.php?rest_route=%2Fwp%2Fv2%2Fcomments&post=2172"}],"version-history":[{"count":4,"href":"https:\/\/turas.com.tr\/index.php?rest_route=\/wp\/v2\/pages\/2172\/revisions"}],"predecessor-version":[{"id":2282,"href":"https:\/\/turas.com.tr\/index.php?rest_route=\/wp\/v2\/pages\/2172\/revisions\/2282"}],"wp:attachment":[{"href":"https:\/\/turas.com.tr\/index.php?rest_route=%2Fwp%2Fv2%2Fmedia&parent=2172"}],"curies":[{"name":"wp","href":"https:\/\/api.w.org\/{rel}","templated":true}]}}