{"id":2183,"date":"2023-07-06T16:17:04","date_gmt":"2023-07-06T13:17:04","guid":{"rendered":"https:\/\/turas.com.tr\/?page_id=2183"},"modified":"2023-07-17T15:27:49","modified_gmt":"2023-07-17T12:27:49","slug":"turkler-aat","status":"publish","type":"page","link":"https:\/\/turas.com.tr\/?page_id=2183","title":{"rendered":"T\u00fcrkler AAT"},"content":{"rendered":"<section class=\"wpb-content-wrapper\"><p>[vc_row css=&#8221;.vc_custom_1689165237564{margin-top: 30px !important;}&#8221;][vc_column][vc_images_carousel images=&#8221;2735,2755,2756&#8243; img_size=&#8221;1145&#215;500&#8243;][\/vc_column][\/vc_row][vc_row][vc_column][vc_column_text]<b>T\u00dcRKLER ATIKSU ARITMA TES\u0130S\u0130<\/b><\/p>\n<p><b>Tesis Sorumlusu :<\/b><\/p>\n<p><b>Tesis Telefon :<\/b>\u00a00242 537 65 64 &#8211;\u00a0<i class=\"mobile icon\"><\/i>\u00a00549 511 00 07<\/p>\n<p><b>Tesis Adresi :<\/b>\u00a0Merkez Mah. Arabi Sok. No: 38 T\u00fcrkler\/Alanya\/Antalya<\/p>\n<p><b>Tesis Niteli\u011fi :<\/b>\u00a0Evsel At\u0131ksu<\/p>\n<p><b>Tesis Kapasitesi :<\/b>\u00a015.000 m\u00b3\/g\u00fcn (55.194 N\u00fcfusa e\u015fde\u011fer)<\/p>\n<p><b>Ar\u0131t\u0131m Sistemi :\u00a0<\/b>Uzun Havaland\u0131rmal\u0131 Aktif \u00c7amur Sistemi<\/p>\n<p><b>Faaliyet Konusu<\/b><\/p>\n<p>T\u00fcrkler At\u0131ksu Ar\u0131tma Tesisi\u00a0T\u00dcRKLER At\u0131ksu \u00a0Ar\u0131tma Tesisi Antalya\u2019n\u0131n do\u011fusundaki \u00a0 T\u00fcrkler Beldesinde bulunan oteller ile Belde yerle\u015fim yerinin at\u0131k sular\u0131n\u0131n toplanmas\u0131 ve ar\u0131t\u0131lmas\u0131 amac\u0131 ile TURA\u015e TUR\u0130ZM ve T\u0130CARET A.\u015e Genel M\u00fcd\u00fcrl\u00fc\u011f\u00fc taraf\u0131ndan 28.02.2009 tarihinde devreye al\u0131nm\u0131\u015ft\u0131r. Turizm Merkezinde At\u0131ksu Ar\u0131tma i\u015fletme maliyeti olarak otellerden y\u0131ld\u0131z say\u0131lar\u0131na g\u00f6re yatak ba\u015f\u0131, sezon ve sezon d\u0131\u015f\u0131,a\u00e7\u0131k ve kapal\u0131 olma durumuna g\u00f6re bedel al\u0131nmaktad\u0131r.<\/p>\n<p><b>\u00a0 T\u00fcrkler At\u0131ksu Ar\u0131tma Tesisi \u00dcniteleri<\/b><\/p>\n<p>&#8211; Kaba ve Izgara<\/p>\n<p>&#8211; Havaland\u0131rmal\u0131 Kum ve Ya\u011f Tutucu<\/p>\n<p>&#8211; Parshal Sava\u011f\u0131 (At\u0131ksu \u00d6l\u00e7\u00fcm\u00fc)<\/p>\n<p>&#8211; Da\u011f\u0131t\u0131m Yap\u0131s\u0131<\/p>\n<p>&#8211; Koku Giderme \u00dcnitesi<\/p>\n<p>&#8211; Kimyasal Madde Dozlama \u00dcniteleri<\/p>\n<p>&#8211; Kum Ay\u0131rma Helezonu<\/p>\n<p>&#8211; Biyolojik Ar\u0131tma \u00dcniteleri, (Nitrifikasyon-Denitrifikasyon)<\/p>\n<p>&#8211; \u00c7\u00f6kertme Havuzlar\u0131<\/p>\n<p>&#8211; \u00c7amur Yo\u011funla\u015ft\u0131rma Havuzlar\u0131,<\/p>\n<p>&#8211; \u00c7amur Susuzla\u015ft\u0131rma Ekipmanlar\u0131<\/p>\n<p>&#8211; Klorlama \u00dcnitesi<\/p>\n<p>&#8211; Bas\u0131n\u00e7l\u0131 Kum Filtreleri ve De\u015farj Sistemi[\/vc_column_text][\/vc_column][\/vc_row][vc_row][vc_column][vc_media_grid element_width=&#8221;3&#8243; grid_id=&#8221;vc_gid:1689596804743-2f9baf25f69c0cc669b7845468d7f9e3-8&#8243; include=&#8221;2736,2740,2737,2746&#8243;][\/vc_column][\/vc_row]<\/p>\n<\/section>","protected":false},"excerpt":{"rendered":"<p>[vc_row css=&#8221;.vc_custom_1689165237564{margin-top: 30px !important;}&#8221;][vc_column][vc_images_carousel images=&#8221;2735,2755,2756&#8243; img_size=&#8221;1145&#215;500&#8243;][\/vc_column][\/vc_row][vc_row][vc_column][vc_column_text]T\u00dcRKLER ATIKSU ARITMA TES\u0130S\u0130 Tesis Sorumlusu : Tesis Telefon :\u00a00242 537 65 64 &#8211;\u00a0\u00a00549 511 00 07 Tesis Adresi :\u00a0Merkez Mah. Arabi Sok. No: 38 T\u00fcrkler\/Alanya\/Antalya Tesis Niteli\u011fi :\u00a0Evsel At\u0131ksu Tesis Kapasitesi :\u00a015.000 m\u00b3\/g\u00fcn (55.194 N\u00fcfusa e\u015fde\u011fer) Ar\u0131t\u0131m Sistemi :\u00a0Uzun Havaland\u0131rmal\u0131 Aktif \u00c7amur Sistemi Faaliyet Konusu T\u00fcrkler At\u0131ksu Ar\u0131tma Tesisi\u00a0T\u00dcRKLER [&hellip;]<\/p>\n","protected":false},"author":1,"featured_media":0,"parent":0,"menu_order":0,"comment_status":"closed","ping_status":"closed","template":"","meta":{"footnotes":""},"class_list":["post-2183","page","type-page","status-publish","hentry"],"_links":{"self":[{"href":"https:\/\/turas.com.tr\/index.php?rest_route=\/wp\/v2\/pages\/2183","targetHints":{"allow":["GET"]}}],"collection":[{"href":"https:\/\/turas.com.tr\/index.php?rest_route=\/wp\/v2\/pages"}],"about":[{"href":"https:\/\/turas.com.tr\/index.php?rest_route=\/wp\/v2\/types\/page"}],"author":[{"embeddable":true,"href":"https:\/\/turas.com.tr\/index.php?rest_route=\/wp\/v2\/users\/1"}],"replies":[{"embeddable":true,"href":"https:\/\/turas.com.tr\/index.php?rest_route=%2Fwp%2Fv2%2Fcomments&post=2183"}],"version-history":[{"count":8,"href":"https:\/\/turas.com.tr\/index.php?rest_route=\/wp\/v2\/pages\/2183\/revisions"}],"predecessor-version":[{"id":2757,"href":"https:\/\/turas.com.tr\/index.php?rest_route=\/wp\/v2\/pages\/2183\/revisions\/2757"}],"wp:attachment":[{"href":"https:\/\/turas.com.tr\/index.php?rest_route=%2Fwp%2Fv2%2Fmedia&parent=2183"}],"curies":[{"name":"wp","href":"https:\/\/api.w.org\/{rel}","templated":true}]}}