{"id":2195,"date":"2023-07-06T16:27:04","date_gmt":"2023-07-06T13:27:04","guid":{"rendered":"https:\/\/turas.com.tr\/?page_id=2195"},"modified":"2023-07-17T10:24:24","modified_gmt":"2023-07-17T07:24:24","slug":"hesap-numaralarimiz","status":"publish","type":"page","link":"https:\/\/turas.com.tr\/?page_id=2195","title":{"rendered":"Hesap Numaralar\u0131m\u0131z"},"content":{"rendered":"<section class=\"wpb-content-wrapper\"><p><img loading=\"lazy\" decoding=\"async\" class=\"alignnone wp-image-2144 aligncenter\" src=\"https:\/\/turas.com.tr\/wp-content\/uploads\/2023\/07\/logotur.png\" alt=\"\" width=\"426\" height=\"176\" \/><\/p>\n<p>&nbsp;<\/p>\n<p>[vc_row][vc_column][vc_column_text]<span style=\"color: #3366ff;\"><strong>Vak\u0131flar Bankas\u0131\u00a0Antalya Serik \u015eubesi\u00a0<i class=\"lira icon\"><\/i>\u00a0Hesab\u0131<\/strong><\/span><\/p>\n<p>\u015eube Kodu : 165<\/p>\n<p>TL\u00a0Hesap No : 00158007298703866<\/p>\n<p>TL\u00a0IBAN No : TR52 0001 5001 5800 7298 7038 66<\/p>\n<hr \/>\n<p><span style=\"color: #3366ff;\"><strong>Vak\u0131flar Bankas\u0131\u00a0Antalya Serik \u015eubesi\u00a0<i class=\"euro icon\"><\/i>\u00a0Hesab\u0131<\/strong><\/span><\/p>\n<p>T\u00fcrkler ve Bo\u011fazkent B\u00f6lgeleri i\u00e7in ge\u00e7erli olan Yatak Ba\u015f\u0131 5\u00a0\u00a0<i class=\"euro icon\"><\/i>\u00a0\u00f6deyecekleri\u00a0<i class=\"euro icon\"><\/i>\u00a0hesap<\/p>\n<p>\u015eube Kodu \u00a0 \u00a0 \u00a0\u00a0 :\u00a00165<\/p>\n<p>Euro\u00a0Hesap No :\u00a00015\u00a0804\u00a0801\u00a0618\u00a041\u00a064<\/p>\n<p>Euro\u00a0IBAN No \u00a0 :\u00a0TR19\u00a00001\u00a05001\u00a05804\u00a08016\u00a01841\u00a064<\/p>\n<hr \/>\n<p><span style=\"color: #3366ff;\"><strong>T\u00fcrkiye \u0130\u015f\u00a0Bankas\u0131\u00a0Antalya \u015eubesi\u00a0<i class=\"lira icon\"><\/i>\u00a0Hesab\u0131<\/strong><\/span><\/p>\n<p>\u015eube Kodu : 6200<\/p>\n<p>TL\u00a0Hesap No : 4228775<\/p>\n<p>TL\u00a0IBAN No : TR66 0006 4000 0016 2004 2287 75[\/vc_column_text][\/vc_column][\/vc_row]<\/p>\n<\/section>","protected":false},"excerpt":{"rendered":"<p>&nbsp; [vc_row][vc_column][vc_column_text]Vak\u0131flar Bankas\u0131\u00a0Antalya Serik \u015eubesi\u00a0\u00a0Hesab\u0131 \u015eube Kodu : 165 TL\u00a0Hesap No : 00158007298703866 TL\u00a0IBAN No : TR52 0001 5001 5800 7298 7038 66 Vak\u0131flar Bankas\u0131\u00a0Antalya Serik \u015eubesi\u00a0\u00a0Hesab\u0131 T\u00fcrkler ve Bo\u011fazkent B\u00f6lgeleri i\u00e7in ge\u00e7erli olan Yatak Ba\u015f\u0131 5\u00a0\u00a0\u00a0\u00f6deyecekleri\u00a0\u00a0hesap \u015eube Kodu \u00a0 \u00a0 \u00a0\u00a0 :\u00a00165 Euro\u00a0Hesap No :\u00a00015\u00a0804\u00a0801\u00a0618\u00a041\u00a064 Euro\u00a0IBAN No \u00a0 :\u00a0TR19\u00a00001\u00a05001\u00a05804\u00a08016\u00a01841\u00a064 T\u00fcrkiye \u0130\u015f\u00a0Bankas\u0131\u00a0Antalya \u015eubesi\u00a0\u00a0Hesab\u0131 \u015eube Kodu [&hellip;]<\/p>\n","protected":false},"author":1,"featured_media":0,"parent":0,"menu_order":0,"comment_status":"closed","ping_status":"closed","template":"","meta":{"footnotes":""},"class_list":["post-2195","page","type-page","status-publish","hentry"],"_links":{"self":[{"href":"https:\/\/turas.com.tr\/index.php?rest_route=\/wp\/v2\/pages\/2195","targetHints":{"allow":["GET"]}}],"collection":[{"href":"https:\/\/turas.com.tr\/index.php?rest_route=\/wp\/v2\/pages"}],"about":[{"href":"https:\/\/turas.com.tr\/index.php?rest_route=\/wp\/v2\/types\/page"}],"author":[{"embeddable":true,"href":"https:\/\/turas.com.tr\/index.php?rest_route=\/wp\/v2\/users\/1"}],"replies":[{"embeddable":true,"href":"https:\/\/turas.com.tr\/index.php?rest_route=%2Fwp%2Fv2%2Fcomments&post=2195"}],"version-history":[{"count":6,"href":"https:\/\/turas.com.tr\/index.php?rest_route=\/wp\/v2\/pages\/2195\/revisions"}],"predecessor-version":[{"id":2709,"href":"https:\/\/turas.com.tr\/index.php?rest_route=\/wp\/v2\/pages\/2195\/revisions\/2709"}],"wp:attachment":[{"href":"https:\/\/turas.com.tr\/index.php?rest_route=%2Fwp%2Fv2%2Fmedia&parent=2195"}],"curies":[{"name":"wp","href":"https:\/\/api.w.org\/{rel}","templated":true}]}}